 - r*u**2 + 0. What are the prime factors of o(2)?
2
Let b = 21 + -19. Suppose 0*k - 3*x = -b*k + 62, 5*k = -4*x + 109. Suppose 116 = 3*f - k. What are the prime factors of f?
47
Suppose -69 = -4*q + 147. Let u(v) = -2 + 1 + q*v**2 - 19*v**2 - 2*v. List the prime factors of u(-1).
2, 3
Suppose d = 2*l + 1282, l - 3895 = -4*d + 1260. What are the prime factors of d?
2, 7, 23
Let a be (1477 + 3)/(-4)*(-4)/10. Suppose -207 = -5*j + a. List the prime factors of j.
71
Suppose b - 1051 = -4*d + 4297, -4004 = -3*d + b. What are the prime factors of d?
2, 167
Let m(t) = 11*t**3 - t**2 - 10*t - 5. Let z(w) = 12*w**3 - 11*w - 6. Let c(b) = 7*m(b) - 6*z(b). List the prime factors of c(4).
193
Let g be (-2)/(4/(-2)) + 3. Suppose -4*h - 2*w + 13 = -3*w, 0 = 4*h - 4*w - g. Suppose -c + 5*c - 88 = d, h*c - 3*d = 88. What are the prime factors of c?
2, 11
Let m(j) = -55*j - 13. What are the prime factors of m(-6)?
317
Let n(r) = -251*r - 90. What are the prime factors of n(-13)?
19, 167
Let n be (5/15)/(2/24). Let i(r) = -r**3 + 10*r**2 - 10*r + 9. Let j be i(9). Suppose -n*g + 13 + 67 = j. List the prime factors of g.
2, 5
Let t(c) = -6*c - 16. Let r(s) = -7*s - 15. Let q(d) = -2*r(d) + 3*t(d). Let f be q(-13). Let n = -3 + f. List the prime factors of n.
31
Let u be 15 + (4 - 8) - 3. Suppose 104 = z - u. List the prime factors of z.
2, 7
Suppose -2*w - 6*b = -3*b - 4, 2*w + 5*b = 0. Suppose 5*p + l = 4*l + 556, -p - w*l = -100. What are the prime factors of p?
2, 5, 11
Let o = 231 - 222. What are the prime factors of o?
3
Suppose 0*q + 6*q + 396 = 0. Let f = q - -69. List the prime factors of f.
3
Let j(x) = 8*x**2 - 6*x - 48. List the prime factors of j(11).
2, 7, 61
Let d be -6*4/(-6) - 4. Suppose -4*x - 4*p + 180 = d, -x + 2*x + 3*p = 39. List the prime factors of x.
2, 3
Let s(p) = p - 4. Let m be (-1)/((-3)/27) + -2. Let k be s(m). Suppose 32 = -k*y + 11*y. What are the prime factors of y?
2
Suppose 0 = -5*t - 4 - 16. Let q be (t/6)/(3/(-9)). Suppose q*z - p = 5*z - 50, 3*p = 2*z - 26. List the prime factors of z.
2
Let v(t) = t**3 + 7*t**2 + 2*t + 2. Let b(j) = 2*j - 5. Let a be b(5). Let w = -1 - a. List the prime factors of v(w).
2, 13
Let y = -866 - -351. List the prime factors of y/(-15)*3 + -1.
2, 3, 17
What are the prime factors of (144/14)/(207/3864)?
2, 3
Suppose -2*f + 4 = -5*u - 7, 4*f - u + 5 = 0. Let k be 3/f*(-80)/24. List the prime factors of (84/k)/(15/50).
2, 7
Let f = -381 + 562. List the prime factors of f.
181
Suppose -4*j + 596 - 1572 = 0. Let s = 474 + j. Suppose 5*h + 0*y = -4*y + s, 2*y = 4*h - 184. What are the prime factors of h?
2, 23
Let h be (-76)/(-6) - (-28)/(-42). What are the prime factors of (-893)/(-6) + 2/h?
149
Suppose -7*r + 3787 = -3255. List the prime factors of r.
2, 503
Let x be (-896)/24*3 - (1 + -1). List the prime factors of 1/((-2)/x)*11/22.
2, 7
What are the prime factors of 36564/14 + -4 + (-240)/(-56)?
2, 653
Let x be 1*0*(-1)/4. Suppose x = -8*a + 4*a + 204. List the prime factors of a.
3, 17
Let l(s) = s**3 + 10*s**2 + 2*s + 8. Let p be l(-10). Let k(w) = -2*w + 15. List the prime factors of k(p).
3, 13
Suppose -k = k. Let t(m) = k + 5*m + 2 - 3 - m**2 + 3. List the prime factors of t(4).
2, 3
Let u(a) = -5 + 2*a + 3*a + a. Let z be (4/(-10))/(4/(-20)). List the prime factors of u(z).
7
Suppose 0 = -45*o + 26450 + 74620. List the prime factors of o.
2, 1123
Let f = 1264 - 509. What are the prime factors of f?
5, 151
Let j(l) = 3*l + l**2 + 12 + 0 + 1. List the prime factors of j(7).
83
Let p be (8/(-12))/(3/(-594)). Let b = p - 87. List the prime factors of 2 + b + (-24)/6.
43
Suppose -4*g = 12 + 12. Let n be (16/(-24))/(2/g). What are the prime factors of 51/n + 5/(-10)?
5
Suppose 0*j + 25 = -j. Let y = -21 - j. Suppose -2*f + 22 = p, -5*p = y*f - p - 40. List the prime factors of f.
2, 3
Let g(a) = 2*a + 19*a - 3 - 4*a. Suppose -85*u + 48 = -61*u. List the prime factors of g(u).
31
Suppose -5*c + 3 = -32. Let q = c - 7. What are the prime factors of ((-3)/(-9) - q)*39?
13
Suppose -5570 = -14*d + 7478. What are the prime factors of d?
2, 233
Let f(o) = o**3 + 36*o**2 - 44*o - 187. List the prime factors of f(-33).
2, 11, 103
Suppose 0*w + 5*w - 60 = 0. Let h = 15 - w. Suppose 0 = -0*m + m - g - 28, h*m - 88 = 2*g. List the prime factors of m.
2
Let t(v) = v**2 + 2*v. Let s be t(-2). Suppose s = -a - 81 + 213. What are the prime factors of a?
2, 3, 11
Let o(b) = -b**2 + 9*b + 1. Let j be o(5). Suppose 0 = -3*y + j + 39. Suppose y = -r + 6*r. What are the prime factors of r?
2
Let l(w) = -3*w - 13. Let a(n) = -7*n - 22. Let q(y) = -6*y - 21. Let x(u) = -5*a(u) + 6*q(u). Let g be x(-8). List the prime factors of l(g).
11
Suppose -940 = -5*q + 2*q + 5*r, 0 = 4*q - r - 1225. What are the prime factors of q?
5, 61
Suppose -2893 = -18*j + 1391. List the prime factors of j.
2, 7, 17
Let w(p) = -p - 5. Let s be w(-11). Let f(b) = 8*b**2 - 18*b + 14. What are the prime factors of f(s)?
2, 97
Let n be (-9)/(-1) + 4 + -8. Suppose -3*w - w = -n*j - 637, -2*j - 10 = 0. Suppose 0 = 4*k - 5*o - 96 - 19, 5*k + 3*o = w. List the prime factors of k.
2, 3, 5
Let u = 14 + -31. Let c = 27 + u. Suppose -5*h - 55 = -c*h. What are the prime factors of h?
11
Let i(y) = 33*y + 204. List the prime factors of i(11).
3, 7
Let d(w) = -w**2 - 11*w + 10. Let z be d(-11). Let o be ((-4)/2)/((-1)/z). Let t = -10 + o. What are the prime factors of t?
2, 5
Let q = -98 + 102. Let f = q + 99. What are the prime factors of f?
103
Let h be -3 - -2*(-28)/(-8). Let z be 22/2 + (h - 3). Suppose 0 = 3*l - 5*l + z. List the prime factors of l.
2, 3
Let z = 650 - 299. List the prime factors of z.
3, 13
Let x(b) = 8*b - 52. Let g(i) = -i - 1. Let m(y) = -6*g(y) - x(y). List the prime factors of m(0).
2, 29
Let j = -36 + 187. List the prime factors of j.
151
Let c(z) = 741*z - 19. List the prime factors of c(2).
7, 11, 19
Let z(j) = -2*j**2 + 6*j - 14. Let b(l) = -3*l**2 + 5*l - 14. Let c(y) = 3*b(y) - 4*z(y). Let h be c(-8). Suppose -h = -2*a - 8. List the prime factors of a.
7
Let i(s) be the first derivative of 3*s**4/4 - 2*s**3 + 2*s**2 - s - 32. What are the prime factors of i(4)?
3, 37
Suppose -11*q + 3099 = -5536. What are the prime factors of q?
5, 157
Suppose -3*n + 4 = -5. Suppose 0 = -n*f + 2*a - a + 170, -3*f = 3*a - 186. List the prime factors of f.
2, 29
Suppose 0 = -4*o - 114 - 206. What are the prime factors of (-5 + 0)*224/o?
2, 7
Let m = -904 + 1709. List the prime factors of m.
5, 7, 23
List the prime factors of ((-14145)/369)/(1/(-21)).
5, 7, 23
List the prime factors of 24/1*(1932/48 + 9).
2, 3, 197
Suppose -29 = -3*j - 2*j + 3*o, 3*j + o - 23 = 0. Suppose 12*u - j*u = 765. List the prime factors of u.
3, 17
Let t = 650 - 150. Suppose -3*q + r = -887, -4*q - 2*r = -666 - t. What are the prime factors of q?
2, 3, 7
Let r be 26/(1 + (-21)/15). Let o = -108 - r. Let b = o - -69. What are the prime factors of b?
2, 13
Let v(r) = 122*r**2 - 54*r + 225. List the prime factors of v(4).
37, 53
Let n(r) = 5*r - 2. Let k be n(1). Suppose -k*t = -0*t - 120. Suppose -h - t = -6*h. What are the prime factors of h?
2
Let c be 1*2/(-2)*-9. Suppose -4*p + c = -179. List the prime factors of p.
47
Let z = 1128 - 957. Suppose w - 11 = -3. Suppose 165 = w*o - 5*o - h, z = 3*o + h. What are the prime factors of o?
2, 7
What are the prime factors of 270 + (-1)/(-4)*4*-5?
5, 53
Suppose 2*d - 3*y - 1041 = 0, 0 = -3*d - y + 2243 - 698. Suppose 4*f = f + d. List the prime factors of f.
2, 43
Suppose 2*u - d + 8 = 0, -u + 0*u - 18 = 3*d. Let q = -4 - u. Suppose 0*s = -q*s + 8. List the prime factors of s.
2
Suppose s - 3*s = -10. Let r be 5/s - 21/3. Let g = 17 - r. List the prime factors of g.
23
Let o(y) = -y**3 + 10*y**2 + y + 5. Suppose 0 = 5*b - s - 35, 0 = b - 3*b - 4*s + 14. List the prime factors of o(b).
3, 53
Let q(g) be the first derivative of g**3/3 - g**2 + g + 34. Let a = 8 - 2. What are the prime factors of q(a)?
5
Suppose 16 = 4*r + 4. Suppose -3 = -5*a + 2. What are the prime factors of r + (19 - a/(-1))?
23
Suppose -y - 4*a + 251 = 0, 7*y - 5*a = 8*y - 251. List the prime factors of y.
251
Let w be 60/16*(-2 + 6). Let f = w - 7. List the prime factors of ((-38)/f)/((-16)/64).
19
Let z = 1436 - 1005. List the prime factors of z.
431